22681
What are the prime factors of 31426066?
2, 7, 2244719
What are the prime factors of 72203175?
3, 5, 11, 29173
What are the prime factors of 4449647?
31, 143537
List the prime factors of 622726796.
2, 17, 61, 8831
What are the prime factors of 2897278102?
2, 35837, 40423
What are the prime factors of 8466708?
2, 3, 705559
List the prime factors of 110605418.
2, 7, 11, 709, 1013
List the prime factors of 805159017.
3, 13, 59, 116639
What are the prime factors of 103871626?
2, 53, 979921
What are the prime factors of 3082776875?
5, 563, 8761
What are the prime factors of 73345348?
2, 18336337
What are the prime factors of 1540952407?
1540952407
List the prime factors of 597242703.
3, 251, 293, 2707
List the prime factors of 2707285428.
2, 3, 17, 31, 142699
List the prime factors of 7414912247.
23, 322387489
What are the prime factors of 139653307?
73, 109, 17551
List the prime factors of 2318987544.
2, 3, 17, 19, 299147
What are the prime factors of 272623508?
2, 23, 2963299
What are the prime factors of 1727004748?
2, 7, 37, 269, 6197
List the prime factors of 150806573.
251, 600823
List the prime factors of 85944236.
2, 7, 277, 1583
What are the prime factors of 483148815?
3, 5, 19, 1695259
What are the prime factors of 133864959?
3, 41, 277, 3929
List the prime factors of 68124215.
5, 19, 37, 19381
What are the prime factors of 31759577?
3767, 8431
List the prime factors of 953744335.
5, 23, 8293429
List the prime factors of 1648495432.
2, 31, 461, 14419
List the prime factors of 2174820726.
2, 3, 13, 4987, 5591
What are the prime factors of 1757441822?
2, 19, 23, 617, 3259
What are the prime factors of 59780449?
17, 43, 53, 1543
List the prime factors of 126604719.
3, 23, 193, 3169
What are the prime factors of 41053431?
3, 103, 132859
What are the prime factors of 54954431?
7, 160217
List the prime factors of 97928722.
2, 5003, 9787
List the prime factors of 521648077.
17, 1061, 28921
What are the prime factors of 82687237?
43, 293, 6563
What are the prime factors of 66219384?
2, 3, 7, 11, 5119
List the prime factors of 2754094433.
73, 173, 218077
List the prime factors of 264062892.
2, 3, 22005241
List the prime factors of 3619687227.
3, 13, 89, 1042837
List the prime factors of 204442187.
17, 127, 94693
What are the prime factors of 82127537?
811, 101267
What are the prime factors of 52335846?
2, 3, 2907547
List the prime factors of 6294041947.
101, 151, 311, 1327
What are the prime factors of 1795216022?
2, 897608011
What are the prime factors of 2434458519?
3, 270495391
What are the prime factors of 51459135?
3, 5, 7, 13, 37699
What are the prime factors of 29428231?
7, 83, 50651
What are the prime factors of 164306086?
2, 7, 11736149
What are the prime factors of 944103375?
3, 5, 839203
List the prime factors of 28952288.
2, 904759
What are the prime factors of 2391337442?
2, 13, 241, 381637
List the prime factors of 1787866772.
2, 3163, 141311
What are the prime factors of 2293963690?
2, 5, 1049, 218681
List the prime factors of 28705043.
41, 421, 1663
List the prime factors of 860165496.
2, 3, 11946743
List the prime factors of 22789000.
2, 5, 13, 1753
List the prime factors of 510359766.
2, 3, 7, 151, 80473
List the prime factors of 103643426.
2, 51821713
List the prime factors of 32849576.
2, 17, 29, 8329
List the prime factors of 338129317.
151, 647, 3461
List the prime factors of 1013702486.
2, 17, 47, 53, 11969
What are the prime factors of 266689644?
2, 3, 13, 683, 2503
What are the prime factors of 128150526?
2, 3, 7, 23, 132661
What are the prime factors of 650516188?
2, 7, 23232721
List the prime factors of 2376302367.
3, 83, 2767, 3449
What are the prime factors of 391287148?
2, 7, 1996363
What are the prime factors of 9376933?
421, 22273
What are the prime factors of 203797768?
2, 17, 1498513
List the prime factors of 50711735.
5, 127, 79861
List the prime factors of 567841447.
6317, 89891
List the prime factors of 40435931.
37, 1092863
What are the prime factors of 25926229?
7, 3703747
What are the prime factors of 409666617?
3, 47, 968479
List the prime factors of 89020914.
2, 3, 47, 315677
List the prime factors of 47093813.
13, 3622601
List the prime factors of 37349606.
2, 7, 31, 41, 2099
What are the prime factors of 18244801?
18244801
List the prime factors of 71147058.
2, 3, 19, 624097
List the prime factors of 18634839.
3, 17, 19, 19231
List the prime factors of 55486321.
11, 5044211
List the prime factors of 2076730992.
2, 3, 7, 2060249
List the prime factors of 65387153.
13, 31, 162251
What are the prime factors of 132229343?
43, 1117, 2753
What are the prime factors of 256070716?
2, 11, 5819789
What are the prime factors of 20011312?
2, 17, 73571
What are the prime factors of 4183156964?
2, 7, 19, 251, 31327
List the prime factors of 628373258.
2, 314186629
List the prime factors of 1807837836.
2, 3, 7, 151, 142529
What are the prime factors of 9073089?
3, 19, 97, 547
What are the prime factors of 5318711754?
2, 3, 886451959
List the prime factors of 445561470.
2, 3, 5, 4950683
List the prime factors of 184611907.
37, 4989511
What are the prime factors of 841267758?
2, 3, 47, 2983219
What are the prime factors of 200097228?
2, 3, 1721, 9689
What are the prime factors of 521910722?
2, 4703, 55487
What are the prime factors of 1123494900?
2, 3, 5, 11, 340453
What are the prime factors of 1668632333?
1481, 1126693
What are the prime factors of 1971036111?
3, 11, 4663, 12809
List the prime factors of 65097750.
2, 3, 5, 29, 41, 73
List the prime factors of 118675898.
2, 11, 337, 16007
List the prime factors of 117770416.
2, 97, 75883
What are the prime factors of 48199984?
2, 7, 430357
List the prime factors of 103190999.
1279, 80681
List the prime factors of 47990653.
97, 494749
What are the prime factors of 1129650904?
2, 53, 2664271
What are the prime factors of 1023215674?
2, 13, 23, 827, 2069
List the prime factors of 45541167.
3, 7, 47, 46141
List the prime factors of 142797705.
3, 5, 17, 559991
List the prime factors of 133199027.
13, 433, 23663
List the prime factors of 93203263.
93203263
List the prime factors of 488178858.
2, 3, 271, 300233
List the prime factors of 20322650.
2, 5, 17, 23909
What are the prime factors of 240951986?
2, 11, 47, 199, 1171
What are the prime factors of 196388193?
3, 31, 37, 57073
List the prime factors of 1707184737.
3, 189687193
List the prime factors of 29526939.
3, 13, 43, 5869
List the prime factors of 1031974992.
2, 3, 37, 21521
List the prime factors of 734088540.
2, 3, 5, 79, 154871
List the prime factors of 479061284.
2, 13, 1907, 4831
What are the prime factors of 10736308?
2, 11, 23, 103
What are the prime factors of 11217954?
2, 3, 11, 29, 5861
What are the prime factors of 1004878105?
5, 7, 11, 1373, 1901
What are the prime factors of 25923476?
2, 6480869
What are the prime factors of 633644066?
2, 11, 23, 449, 2789
List the prime factors of 102767456.
2, 11, 181, 1613
List the prime factors of 25995961.
25995961
List the prime factors of 1594062.
2, 3, 19, 59, 79
What are the prime factors of 323833981?
29, 67, 166667
What are the prime factors of 9026166?
2, 3, 23, 65407
What are the prime factors of 600942711?
3, 1741, 115057
List the prime factors of 47147474.
2, 11, 19, 149, 757
What are the prime factors of 1501314095?
5, 103, 2915173
What are the prime factors of 57322185?
3, 5, 67, 57037
List the prime factors of 5607174534.
2, 3, 13, 29, 61, 40637
What are the prime factors of 806375538?
2, 3, 23, 59, 33013
List the prime factors of 124537540.
2, 5, 31, 200867
What are the prime factors of 64424148?
2, 3, 43, 124853
What are the prime factors of 1585030903?
331, 4788613
What are the prime factors of 184882887?
3, 7, 61, 48109
What are the prime factors of 5933842?
2, 2966921
List the prime factors of 747761426.
2, 14969, 24977
List the prime factors of 5249416636.
2, 1312354159
What are the prime factors of 4728414240?
2, 3, 5, 11, 239, 1249
What are the prime factors of 209659213?
157, 1335409
What are the prime factors of 44748918?
2, 3, 79, 31469
What are the prime factors of 124296086?
2, 62148043
List the prime factors of 539880434.
2, 1571, 171827
What are the prime factors of 41830095?
3, 5, 73, 38201
List the prime factors of 3251206373.
